7.
127
What is the greatest common factor of 591 and 25216?
197
Calculate the greatest common divisor of 471 and 200489.
157
What is the greatest common factor of 52 and 2314?
26
What is the highest common divisor of 99 and 440649?
99
Calculate the highest common factor of 816097 and 43.
43
What is the highest common divisor of 152 and 3088?
8
What is the greatest common divisor of 2448 and 1800?
72
Calculate the greatest common factor of 966 and 4462.
46
What is the highest common divisor of 116956 and 1484?
28
What is the greatest common divisor of 766167 and 1845?
123
Calculate the highest common divisor of 44 and 22728.
4
What is the greatest common factor of 99 and 15169?
11
Calculate the greatest common divisor of 99616 and 440.
88
Calculate the highest common divisor of 305 and 1126365.
305
Calculate the highest common factor of 26454 and 18.
6
What is the greatest common divisor of 3808 and 221?
17
Calculate the highest common factor of 500 and 2180.
20
What is the highest common divisor of 336980 and 49?
7
What is the greatest common divisor of 414 and 713?
23
Calculate the greatest common divisor of 1463105 and 595.
595
Calculate the highest common factor of 196522 and 194.
194
What is the highest common factor of 63777 and 609?
21
What is the highest common divisor of 1980 and 14652?
396
What is the greatest common factor of 367114 and 10619?
1517
What is the highest common factor of 4758 and 312?
78
Calculate the greatest common divisor of 696533 and 1.
1
Calculate the highest common divisor of 135 and 135.
135
What is the greatest common divisor of 302 and 802?
2
Calculate the greatest common factor of 42714 and 486.
54
What is the highest common factor of 15 and 35040?
15
Calculate the greatest common factor of 2052 and 486.
54
What is the highest common divisor of 5 and 108503?
1
Calculate the greatest common factor of 183445 and 95.
95
Calculate the greatest common divisor of 38294 and 2624.
82
What is the highest common divisor of 130479 and 2697?
93
Calculate the greatest common divisor of 1610 and 960204.
322
Calculate the highest common divisor of 475054 and 1076.
538
What is the highest common divisor of 49 and 10296223?
49
Calculate the highest common divisor of 630 and 343.
7
What is the highest common divisor of 56770 and 140?
70
Calculate the highest common divisor of 827428 and 406.
406
Calculate the greatest common factor of 198 and 20889.
99
Calculate the highest common divisor of 654 and 906.
6
What is the highest common factor of 576 and 5748?
12
What is the highest common divisor of 1889641 and 7427?
1061
What is the greatest common factor of 22638 and 3486?
42
What is the highest common factor of 55003 and 13?
13
Calculate the greatest common factor of 1185 and 16985.
395
Calculate the highest common divisor of 1702 and 50690.
74
What is the greatest common factor of 1247 and 86731?
43
Calculate the highest common factor of 400 and 30900.
100
Calculate the greatest common factor of 198 and 79354.
22
Calculate the greatest common divisor of 27946 and 4806.
178
What is the highest common divisor of 4320 and 200?
40
What is the highest common factor of 34 and 722?
2
What is the greatest common divisor of 30743 and 355?
71
What is the greatest common divisor of 485636 and 4?
4
What is the highest common divisor of 182045 and 115?
115
Calculate the greatest common factor of 54 and 117594.
18
What is the greatest common divisor of 4531 and 115?
23
Calculate the greatest common divisor of 21406 and 322.
14
What is the greatest common factor of 19 and 481061?
19
What is the greatest common factor of 4748 and 814282?
2374
Calculate the highest common factor of 7160 and 440.
40
Calculate the highest common factor of 474800 and 800.
400
What is the greatest common factor of 2086775 and 50?
25
What is the highest common factor of 2581 and 84283?
89
Calculate the highest common divisor of 253386 and 252.
126
What is the greatest common factor of 756 and 754299?
189
What is the greatest common divisor of 423 and 67329?
9
What is the highest common factor of 2134 and 24926?
22
What is the greatest common factor of 4940 and 82940?
260
Calculate the greatest common divisor of 248588 and 29.
29
Calculate the highest common divisor of 5075 and 1050.
175
What is the greatest common divisor of 1568 and 292544?
224
What is the greatest common divisor of 585408 and 768?
192
Calculate the greatest common factor of 102 and 4962.
6
What is the highest common divisor of 429 and 3641?
11
Calculate the greatest common factor of 2844 and 5616.
36
What is the highest common divisor of 156 and 109551?
39
Calculate the highest common divisor of 77737 and 191.
191
What is the highest common factor of 1239 and 56?
7
What is the highest common factor of 12835 and 10710?
85
Calculate the greatest common factor of 96917 and 34.
17
Calculate the highest common factor of 16110 and 378.
18
What is the greatest common divisor of 39 and 15899?
13
Calculate the greatest common divisor of 133536 and 13.
13
Calculate the highest common divisor of 1782 and 21978.
594
Calculate the highest common factor of 2629 and 1683.
11
Calculate the greatest common divisor of 6716 and 10804.
292
Calculate the greatest common divisor of 11046 and 1302.
42
What is the highest common factor of 192717 and 414?
207
What is the greatest common divisor of 52 and 114634?
26
Calculate the greatest common divisor of 69 and 1199703.
69
Calculate the highest common factor of 21443 and 5753.
523
Calculate the highest common divisor of 1020 and 6018.
102
Calculate the greatest common divisor of 1000 and 12760.
40
What is the greatest common divisor of 35 and 16240?
35
What is the greatest common factor of 820 and 127180?
20
Calculate the greatest common divisor of 115700 and 25.
25
Calculate the greatest common divisor of 240 and 15560.
40
What is the highest common divisor of 114328 and 4?
4
What is the highest common factor of 4 and 507?
1
Calculate the greatest common factor of 975 and 247575.
75
What is the greatest common factor of 296 and 26899?
37
Calculate the greatest common divisor of 31768 and 40964.
836
Calculate the highest common divisor of 651834 and 36.
18
Calculate the highest common factor of 8632 and 71131.
83
What is the highest common factor of 6381526 and 554?
554
Calculate the highest common divisor of 9 and 265563.
9
What is the greatest common factor of 12225296 and 32?
16
Calculate the highest common factor of 3718 and 4.
2
What is the highest common factor of 37572 and 13938?
606
Calculate the greatest common divisor of 176307 and 51.
51
What is the greatest common factor of 2156626 and 298?
298
What is the greatest common factor of 9949080 and 2040?
2040
Calculate the highest common divisor of 11715 and 4047.
213
Calculate the greatest common divisor of 14496 and 2048.
32
Calculate the greatest common factor of 297 and 4287789.
297
What is the greatest common divisor of 151683 and 5394?
93
Calculate the highest common divisor of 296 and 451992.
296
Calculate the greatest common factor of 7857 and 81.
81
What is the highest common factor of 17 and 241757?
17
What is the greatest common factor of 24 and 2504248?
8
What is the highest common divisor of 17928 and 297306?
1494
Calculate the highest common divisor of 84433 and 69.
23
Calculate the greatest common divisor of 60711 and 5841.
177
What is the highest common divisor of 77 and 151536?
77
What is the greatest common divisor of 8223414 and 3006?
1002
What is the highest common divisor of 3424512 and 364?
364
What is the highest common factor of 1930 and 73726?
386
Calculate the greatest common factor of 48 and 64248.
24
Calculate the greatest common divisor of 9966 and 225594.
906
Calculate the highest common divisor of 57 and 1577.
19
Calculate the highest common factor of 179706 and 9882.
366
Calculate the greatest common factor of 3993 and 534699.
363
Calculate the highest common divisor of 80 and 147880.
40
Calculate the highest common divisor of 5960 and 1760.
40
Calculate the greatest common divisor of 48525 and 60.
15
Calculate the highest common factor of 6070 and 1010.
10
What is the highest common factor of 17935 and 2295?
85
Calculate the greatest common divisor of 424 and 108491.
53
What